*j + 4*s, j - 31 = -2*s. What is the tens digit of j?
3
Suppose 0 = -3*l - 0*l - 9. What is the units digit of 2/l - (-56)/12?
4
Let q(d) = -2*d - 2. Let s be q(-3). Suppose -s*n = -5*u - 5 - 6, 13 = -3*u - 4*n. What is the units digit of (-2)/2*(u - 4)?
7
Suppose -14 = p - 5*x, 3*p + 2 = -4*x + 17. Suppose p = -u - 1. What is the units digit of (u/3)/(6/(-45))?
5
Suppose -2 - 13 = -3*n. Suppose 0 = -k + n + 4. What is the units digit of k?
9
Suppose d - 80 + 17 = 0. Let i = d - 43. What is the tens digit of i?
2
Let p(v) = 4*v + 12. Let w(d) = -d - 3. Let r(g) = -2*p(g) - 9*w(g). What is the units digit of r(5)?
8
Let y = -4 + -6. Let p = 22 + y. What is the units digit of p?
2
Let u = 7 + -1. Let b be (-411)/(-9) + (-4)/u. What is the units digit of (-74)/(-9) - 10/b?
8
Let c(k) = -k**3 + 6*k**2 - k. Let a be c(5). Suppose 0 = -4*g - g + a. Suppose 5*d + 15 = 0, -g*d - 30 = -4*n - 2*d. What is the units digit of n?
6
Let t = 10 + -2. What is the units digit of (-100)/(-16) - 2/t?
6
Suppose 2*r = 3*s + 56, 3*r + 15 = 5*s + 100. What is the tens digit of r?
2
Let q(w) = -w**2 + 6*w + 6. Suppose 2*d = r + 12, -d + 2*r = -4*d + 18. Let k be q(d). What is the units digit of (-6)/4*(-4)/k?
1
Let b(p) be the first derivative of p**3/3 - 3*p**2/2 + p + 1. Let o be b(4). Suppose 14 = -o*x + 74. What is the tens digit of x?
1
Suppose 0 = -3*j + 5*c - 10, 0*c - 2*c = 3*j - 4. Suppose 0 = 5*h - j - 10. What is the units digit of h?
2
Let g(n) = n**2 - 7*n + 5. Let z be g(7). Let c be (-2)/4*0 - 0. Suppose 2*i + p - z = c, 5*i - 14 = -p - 3*p. What is the units digit of i?
2
Let r(v) = 5*v**3 - 4*v**2 + 9*v + 133. Let f(d) = -d**3 + d**2 - 2*d - 33. Let l(h) = -9*f(h) - 2*r(h). What is the units digit of l(0)?
1
Suppose 4*x - 173 = 23. What is the tens digit of x/5 - 1/(-5)?
1
Let u(r) = r**3 + 3*r**2 - 6*r - 1. Let c(l) = -8*l - 4. Let h be c(-3). Suppose 3*d + h = -2*d. What is the units digit of u(d)?
7
Let b(m) = -m - 9. Let q be b(-7). Let o = 9 + q. What is the units digit of o?
7
Let h(o) = o**3 + o**2 + o - 7. Let g be h(0). Let q(s) = -2*s - 7. What is the units digit of q(g)?
7
Suppose 5*j - 3*k = 55, 2*j = 6*j - k - 37. Suppose -j*d + 4*d = -56. What is the tens digit of d?
1
Suppose 0 = -4*d + 12. Let s = 13 - d. What is the units digit of s?
0
Let t be (2/6)/((-4)/(-72)). Suppose -t*i - 28 = -8*i. What is the units digit of i?
4
Let s(h) = -h**2 + 9*h + 4. Suppose 0 = -4*z - 8, 6*t - 40 = 2*t + 4*z. What is the units digit of s(t)?
2
Let l(y) = 2*y**2 + 5*y + 11. What is the tens digit of l(-7)?
7
Let y(l) = -l**3 + 6*l**2 + 3*l - 9. Suppose a - 3*a = -12. Let v be y(a). Suppose -3*g + 2*k + 15 = k, k - v = -g. What is the units digit of g?
6
What is the units digit of ((-37)/4 - 0/3)*-20?
5
Suppose -10*p - 1 + 11 = 0. What is the units digit of p?
1
Let f = -1 + 9. Let g be 1*(2 - 1 - 13). What is the units digit of f/g - (-20)/3?
6
Let w = 4 - 3. Suppose -o = w - 4. What is the units digit of o?
3
Let l = -16 + 50. Suppose m - d = l, -d + 24 = -0*m + m. What is the units digit of m?
9
Let s(y) = -y**2 - 4*y + 9. Let z be s(-5). Suppose -2*h = 6 - 26. Let n = h - z. What is the units digit of n?
6
Suppose -3*t = -2*t - 2. Suppose f + 4*m = 61, 4*f - m - 3*m = 244. Suppose -2*x + f = 2*x + 5*q, 3*x = t*q + 40. What is the units digit of x?
4
Suppose -32 = -5*b - 2*d + 65, -b = -4*d - 37. Suppose 0 = h + 2*k - 3*k - 13, -3*k = 15. Let y = b - h. What is the tens digit of y?
1
Let l = 9 + 0. Let p(w) = w**2 - 10*w + 11. Let a be p(l). What is the units digit of (-1 - -2)*18/a?
9
Let y(s) = 1 - 9*s + 0*s**2 - s**2 - 5. What is the units digit of y(-8)?
4
Let l = -9 + 19. Let s = 13 + -18. Let z = s + l. What is the units digit of z?
5
Let v be (0 + 2)/2*3. Suppose -n = -v*n + 4. Suppose 2*d - 14 = n*l, -3*d - 49 = -8*d - 2*l. What is the units digit of d?
9
What is the units digit of 3/12 - 118/(-8)?
5
Let k(c) = -c**2 + c. Let r be k(-1). Let p be 21 + r + 1 - -2. What is the units digit of (-2)/5*(-3 - p)?
0
Let m(d) = 3*d**3 + 3*d**2 + 3*d. Suppose -3 - 7 = 5*h. Let c be m(h). What is the units digit of (-87)/(-27) - (-4)/c?
3
Suppose 16 = -2*h + 6*h. Suppose -h*v - 12 = -0*v + 4*b, -4*b - 12 = -v. Suppose v = a + a, -2*j - 4*a = -32. What is the tens digit of j?
1
What is the tens digit of ((-2)/(-3))/((-6)/(-261))?
2
Let k = 132 + 138. What is the tens digit of k?
7
Suppose 0*x - 4*x = 72. Let y = -9 - x. What is the units digit of y?
9
Let h(t) = t**3 - 7*t**2 - 8*t + 2. Let b be h(8). Let a be (12/3 - 3) + b. Suppose -a*n = n - 4. What is the units digit of n?
1
Suppose 4*m + 8 = 2*k, 5*k + m + 0*m - 9 = 0. Let n be 2*-1 - (k + -4). Suppose -5*y + n*y + 25 = f, y - 5 = -3*f. What is the units digit of y?
5
Let p = 107 - 76. What is the units digit of p?
1
Let a(q) = -q**3 - 3*q**2 + 4*q + 4. Let i be a(-4). Let k be i/(2/8 + 0). Suppose 4*t - k = 16. What is the units digit of t?
8
Let c = 97 - 55. What is the tens digit of c?
4
What is the tens digit of 54*(-3 - -4) + 1/(-1)?
5
Let w = 7 - 16. Let u = w - -16. Let l(r) = -r**2 + 7*r + 7. What is the units digit of l(u)?
7
What is the units digit of ((-12)/(-14))/(9/42)?
4
What is the tens digit of 6/(-15) + 354/10?
3
Let j = 52 - 27. Let d = j + -7. What is the tens digit of d?
1
Let i = -12 + 20. Let k = 16 - i. What is the units digit of k?
8
Let y(k) = 7*k**2 + k. Let j be y(-1). Let g(o) = -o**2 - 9*o + 14. Let s be g(-10). Let f = j - s. What is the units digit of f?
2
Let o = 14 + -7. What is the tens digit of (6 + -4)/(1/o)?
1
Suppose -3*y + 41 = 29. What is the tens digit of (-4)/y*(2 + -59)?
5
What is the hundreds digit of (-2 - -1) + (0 - 2 - -105)?
1
Let q = -130 - -210. Suppose -2*l + q = 3*l + 5*o, 3*l + 5*o - 56 = 0. What is the tens digit of l?
1
Let x be (-371)/(-9) - 10/45. Suppose 3*v = -4*z + x + 40, -2*z = -5*v - 73. What is the tens digit of z?
2
Suppose a + 4 = 2*a - 4*o, 0 = -3*o. Suppose 0*r = z - a*r - 36, -2*z + r + 79 = 0. Suppose -z + 0 = -5*u - 2*g, 2*u - 16 = -3*g. What is the units digit of u?
8
Let y = -7 + 11. Suppose -y*h - 36 = -2*h. What is the units digit of (-8)/36 - 76/h?
4
Suppose 27*y - 26*y = 295. What is the units digit of y?
5
Let q = 182 + -34. What is the hundreds digit of q?
1
Let n(i) = -i**3 + 2*i**2 + 3. What is the units digit of n(-3)?
8
Suppose -2*c = -0*c - 42. Suppose -m - m = 2*x - 26, -c = -2*x - m. What is the units digit of x?
8
Let i(c) be the first derivative of -c**4/4 - c**3/3 + c**2/2 + 2*c - 2. Let p be i(-2). Suppose 0 = p*a - 10 - 10. What is the units digit of a?
5
Suppose 0 = 2*y - 16 - 144. Suppose v = -4*v + y. Suppose -3*d + 5 = -v. What is the units digit of d?
7
Suppose 4*o - 38 = -2*n, 4*n + 7*o = 5*o + 52. What is the tens digit of n?
1
What is the units digit of 12/(-6)*(-764)/8?
1
Let z be 0 + ((-24)/(-3))/2. Suppose -56 = -z*t - 0*t. What is the units digit of t?
4
What is the tens digit of ((-15)/(-6))/((-4)/(-40))?
2
Let r = 476 + -172. What is the tens digit of r?
0
Suppose 3*k - c = 8, -28 = 4*c - 8. What is the units digit of (9/(-15))/(k/(-15))?
9
Let n(v) = -v. Let r be 1/(-2) - 9/2. Let j be n(r). Suppose -20 = -3*l + a, -5*l + 0*l = -j*a - 20. What is the units digit of l?
8
Let q be (-156)/(-9)*(-3)/(-2). Let m = -13 + q. What is the units digit of m?
3
Let c(g) = 2*g - 4. Let j be c(7). Let y = -8 + j. What is the units digit of y?
2
Suppose -4*h = -2*z + 242, 371 = 4*z + h - 95. What is the units digit of z?
7
Let s be (14/5)/((-2)/10). Let c = 31 + s. What is the tens digit of c?
1
Let a(r) = -r**3 - 5*r**2 + 7*r - 14. Let w be a(-7). Suppose 3*k = 2*o - w, o = -4*k - 0*k - 10. What is the tens digit of o?
1
Suppose -72 = h - 128. What is the units digit of h?
6
Let m = -6 - -8. Let v = 9 - m. What is the units digit of v?
7
Suppose -2*x = -0*x - 40. What is the tens digit of x?
2
Suppose -5*w + 1 = -19. Let m = 5 - -4. Suppose 0 = w*a - 5*q - 14 - m, a + 2*q - 9 = 0. What is the units digit of a?
7
Let a(t) = 2*t - 5. Let y be a(4). Suppose 19 = u + y*s, 5*u - s = -0*s + 63. What is the tens digit of u?
1
Let m = 19 + -16. Suppose c + 3*c = -l + 133, 0 = -m*c + l + 91. What is the units digit of c?
2
Suppose 2*l - 259 - 53 = 0. What is the units digit of l?
6
What is the units digit of -2*(